{"id":18,"date":"2022-09-21T07:32:16","date_gmt":"2022-09-21T07:32:16","guid":{"rendered":"https:\/\/startersites.io\/blocksy\/wood\/?page_id=18"},"modified":"2026-02-06T23:38:47","modified_gmt":"2026-02-06T23:38:47","slug":"contact","status":"publish","type":"page","link":"https:\/\/sanliurfalastikci.com.tr\/index.php\/contact\/","title":{"rendered":"\u0130LET\u0130\u015e\u0130M"},"content":{"rendered":"\n<div class=\"wp-block-stackable-columns alignfull stk-block-columns stk-block stk-d237c83 stk-block-background stk--has-background-overlay\" data-block-id=\"d237c83\"><style>.stk-d237c83 {background-color:#000000 !important;background-image:url(https:\/\/sanliurfalastikci.com.tr\/wp-content\/uploads\/2022\/09\/hero-background-image.webp) !important;padding-top:100px !important;padding-bottom:100px !important;margin-bottom:0px !important;}.stk-d237c83:before{background-color:#000000 !important;opacity:0.3 !important;}@media screen and (max-width:999px){.stk-d237c83 {padding-top:150px !important;padding-bottom:100px !important;}}<\/style><div class=\"stk-row stk-inner-blocks stk-block-content stk-content-align stk-d237c83-column\">\n<div class=\"wp-block-stackable-column stk-block-column stk-column stk-block stk-ef9835c\" data-v=\"4\" data-block-id=\"ef9835c\"><style>.stk-ef9835c-container{margin-top:0px !important;margin-right:0px !important;margin-bottom:0px !important;margin-left:0px !important;}.stk-ef9835c {max-width:700px !important;min-width:auto !important;margin-right:auto !important;margin-left:auto !important;}<\/style><div class=\"stk-column-wrapper stk-block-column__content stk-container stk-ef9835c-container stk--no-background stk--no-padding\"><div class=\"stk-block-content stk-inner-blocks stk-ef9835c-inner-blocks\">\n<div class=\"wp-block-stackable-heading stk-block-heading stk-block-heading--v2 stk-block stk-f9787f4\" id=\"bize-ulasin\" data-block-id=\"f9787f4\"><style>.stk-f9787f4 .stk-block-heading__text{font-size:50px !important;color:var(--theme-palette-color-8, #ffffff) !important;}@media screen and (max-width:999px){.stk-f9787f4 .stk-block-heading__text{font-size:35px !important;}}@media screen and (max-width:689px){.stk-f9787f4 .stk-block-heading__text{font-size:30px !important;}}<\/style><h2 class=\"stk-block-heading__text has-text-color has-text-align-center stk-block-heading--use-theme-margins\">B\u0130ZE ULA\u015eIN<\/h2><\/div>\n<\/div><\/div><\/div>\n<\/div><\/div>\n\n\n\n<div class=\"wp-block-stackable-spacer stk-block-spacer stk--no-padding stk-block stk-1e1239f\" data-block-id=\"1e1239f\"><style>.stk-1e1239f {height:30px !important;}@media screen and (max-width:999px){.stk-1e1239f {height:80px !important;}}@media screen and (max-width:689px){.stk-1e1239f {height:60px !important;}}<\/style><\/div>\n\n\n\n<div class=\"wp-block-stackable-columns stk-block-columns stk-block stk-5e78ad0\" data-block-id=\"5e78ad0\"><style>.stk-5e78ad0 {margin-bottom:0px !important;}@media screen and (max-width:999px){.stk-5e78ad0-column{row-gap:80px !important;}}<\/style><div class=\"stk-row stk-inner-blocks stk-block-content stk-content-align stk-5e78ad0-column\">\n<div class=\"wp-block-stackable-column stk-block-column stk-column stk-block stk-12eb061 stk-block-background stk--has-background-overlay\" data-v=\"4\" data-block-id=\"12eb061\"><style>.stk-12eb061-container{margin-top:0px !important;margin-right:0px !important;margin-bottom:0px !important;margin-left:0px !important;}.stk-12eb061 {background-color:var(--theme-palette-color-4, #2C1E18) !important;background-image:url(https:\/\/sanliurfalastikci.com.tr\/wp-content\/uploads\/2026\/02\/WhatsApp-Image-2026-02-05-at-15.43.51-2.jpeg) !important;padding-top:100px !important;padding-right:90px !important;padding-bottom:100px !important;padding-left:90px !important;}.stk-12eb061:before{background-color:var(--theme-palette-color-4, #2C1E18) !important;opacity:0.9 !important;}@media screen and (max-width:999px){.stk-12eb061 {padding-top:80px !important;padding-right:80px !important;padding-bottom:80px !important;padding-left:80px !important;}}@media screen and (max-width:689px){.stk-12eb061 {padding-top:60px !important;padding-right:30px !important;padding-bottom:60px !important;padding-left:30px !important;}}<\/style><div class=\"stk-column-wrapper stk-block-column__content stk-container stk-12eb061-container stk--no-background stk--no-padding\"><div class=\"stk-block-content stk-inner-blocks stk-12eb061-inner-blocks\">\n<div class=\"wp-block-stackable-columns stk-block-columns stk-block stk-6fa1ba6\" data-block-id=\"6fa1ba6\"><style>.stk-6fa1ba6 {margin-bottom:60px !important;}@media screen and (max-width:689px){.stk-6fa1ba6-column{row-gap:10px !important;}}<\/style><div class=\"stk-row stk-inner-blocks stk-block-content stk-content-align stk-6fa1ba6-column\">\n<div class=\"wp-block-stackable-column stk-block-column stk-column stk-block stk-00ddf38\" data-v=\"4\" data-block-id=\"00ddf38\"><style>.stk-00ddf38-container{margin-top:0px !important;margin-right:0px !important;margin-bottom:0px !important;margin-left:0px !important;}@media screen and (min-width:690px){.stk-00ddf38 {flex:var(--stk-flex-grow, 1) 1 calc(23% - var(--stk-column-gap, 0px) * 1 \/ 2 ) !important;}}@media screen and (min-width:690px) and (max-width:999px){.stk-00ddf38 {flex:var(--stk-flex-grow, 1) 1 calc(18% - var(--stk-column-gap, 0px) * 1 \/ 2 ) !important;}}<\/style><div class=\"stk-column-wrapper stk-block-column__content stk-container stk-00ddf38-container stk--no-background stk--no-padding\"><div class=\"stk-block-content stk-inner-blocks stk-00ddf38-inner-blocks\">\n<div class=\"wp-block-stackable-icon stk-block-icon stk-block stk-0723f59\" data-block-id=\"0723f59\"><style>.stk-0723f59 .stk--svg-wrapper .stk--inner-svg svg:last-child{height:60px !important;width:60px !important;}@media screen and (max-width:689px){.stk-0723f59 .stk--svg-wrapper .stk--inner-svg svg:last-child{height:40px !important;width:40px !important;}}<\/style><span class=\"stk--svg-wrapper\"><div class=\"stk--inner-svg\"><svg style=\"height:0;width:0\"><defs><linearGradient id=\"linear-gradient-0723f59\" x1=\"0\" x2=\"100%\" y1=\"0\" y2=\"0\"><stop offset=\"0%\" style=\"stop-opacity:1;stop-color:var(--linear-gradient-0723-f-59-color-1)\"><\/stop><stop offset=\"100%\" style=\"stop-opacity:1;stop-color:var(--linear-gradient-0723-f-59-color-2)\"><\/stop><\/linearGradient><\/defs><\/svg><svg xmlns=\"http:\/\/www.w3.org\/2000\/svg\" viewBox=\"0 0 512 512\" aria-hidden=\"true\" width=\"32\" height=\"32\"><path d=\"M164.9 24.6c-7.7-18.6-28-28.5-47.4-23.2l-88 24C12.1 30.2 0 46 0 64C0 311.4 200.6 512 448 512c18 0 33.8-12.1 38.6-29.5l24-88c5.3-19.4-4.6-39.7-23.2-47.4l-96-40c-16.3-6.8-35.2-2.1-46.3 11.6L304.7 368C234.3 334.7 177.3 277.7 144 207.3L193.3 167c13.7-11.2 18.4-30 11.6-46.3l-40-96z\"\/><\/svg><\/div><\/span><\/div>\n<\/div><\/div><\/div>\n\n\n\n<div class=\"wp-block-stackable-column stk-block-column stk-column stk-block stk-73046e3\" data-v=\"4\" data-block-id=\"73046e3\"><style>.stk-73046e3-container{margin-top:0px !important;margin-right:0px !important;margin-bottom:0px !important;margin-left:0px !important;}@media screen and (min-width:690px){.stk-73046e3 {flex:var(--stk-flex-grow, 1) 1 calc(77% - var(--stk-column-gap, 0px) * 1 \/ 2 ) !important;}}@media screen and (min-width:690px) and (max-width:999px){.stk-73046e3 {flex:var(--stk-flex-grow, 1) 1 calc(82% - var(--stk-column-gap, 0px) * 1 \/ 2 ) !important;}}<\/style><div class=\"stk-column-wrapper stk-block-column__content stk-container stk-73046e3-container stk--no-background stk--no-padding\"><div class=\"stk-block-content stk-inner-blocks stk-73046e3-inner-blocks\">\n<div class=\"wp-block-stackable-heading stk-block-heading stk-block-heading--v2 stk-block stk-f7dde73\" id=\"telefon\" data-block-id=\"f7dde73\"><style>.stk-f7dde73 {margin-bottom:15px !important;}.stk-f7dde73 .stk-block-heading__text{color:var(--theme-palette-color-5, #F2EFE7) !important;}<\/style><h4 class=\"stk-block-heading__text has-text-color\">TELEFON:<\/h4><\/div>\n\n\n\n<div class=\"wp-block-stackable-text stk-block-text stk-block stk-6f57915\" data-block-id=\"6f57915\"><style>.stk-6f57915 .stk-block-text__text{font-size:18px !important;color:var(--theme-palette-color-5, #F2EFE7) !important;}@media screen and (max-width:999px){.stk-6f57915 .stk-block-text__text{font-size:18px !important;}}<\/style><p class=\"stk-block-text__text has-text-color\">0544 644 77 67<\/p><\/div>\n<\/div><\/div><\/div>\n<\/div><\/div>\n\n\n\n<div class=\"wp-block-stackable-columns stk-block-columns stk-block stk-a090453\" data-block-id=\"a090453\"><style>.stk-a090453 {margin-bottom:60px !important;}@media screen and (max-width:689px){.stk-a090453-column{row-gap:10px !important;}}<\/style><div class=\"stk-row stk-inner-blocks stk-block-content stk-content-align stk-a090453-column\">\n<div class=\"wp-block-stackable-column stk-block-column stk-column stk-block stk-0dbd63d\" data-v=\"4\" data-block-id=\"0dbd63d\"><style>.stk-0dbd63d-container{margin-top:0px !important;margin-right:0px !important;margin-bottom:0px !important;margin-left:0px !important;}@media screen and (min-width:690px){.stk-0dbd63d {flex:var(--stk-flex-grow, 1) 1 calc(23% - var(--stk-column-gap, 0px) * 1 \/ 2 ) !important;}}@media screen and (min-width:690px) and (max-width:999px){.stk-0dbd63d {flex:var(--stk-flex-grow, 1) 1 calc(18% - var(--stk-column-gap, 0px) * 1 \/ 2 ) !important;}}<\/style><div class=\"stk-column-wrapper stk-block-column__content stk-container stk-0dbd63d-container stk--no-background stk--no-padding\"><div class=\"stk-block-content stk-inner-blocks stk-0dbd63d-inner-blocks\">\n<div class=\"wp-block-stackable-icon stk-block-icon stk-block stk-ca96a13\" data-block-id=\"ca96a13\"><style>.stk-ca96a13 .stk--svg-wrapper .stk--inner-svg svg:last-child{height:60px !important;width:60px !important;}@media screen and (max-width:689px){.stk-ca96a13 .stk--svg-wrapper .stk--inner-svg svg:last-child{height:40px !important;width:40px !important;}}<\/style><span class=\"stk--svg-wrapper\"><div class=\"stk--inner-svg\"><svg style=\"height:0;width:0\"><defs><linearGradient id=\"linear-gradient-ca96a13\" x1=\"0\" x2=\"100%\" y1=\"0\" y2=\"0\"><stop offset=\"0%\" style=\"stop-opacity:1;stop-color:var(--linear-gradient-ca-96-a-13-color-1)\"><\/stop><stop offset=\"100%\" style=\"stop-opacity:1;stop-color:var(--linear-gradient-ca-96-a-13-color-2)\"><\/stop><\/linearGradient><\/defs><\/svg><svg xmlns=\"http:\/\/www.w3.org\/2000\/svg\" viewBox=\"0 0 512 512\" aria-hidden=\"true\" width=\"32\" height=\"32\"><path d=\"M256 64C150 64 64 150 64 256s86 192 192 192c17.7 0 32 14.3 32 32s-14.3 32-32 32C114.6 512 0 397.4 0 256S114.6 0 256 0S512 114.6 512 256v32c0 53-43 96-96 96c-29.3 0-55.6-13.2-73.2-33.9C320 371.1 289.5 384 256 384c-70.7 0-128-57.3-128-128s57.3-128 128-128c27.9 0 53.7 8.9 74.7 24.1c5.7-5 13.1-8.1 21.3-8.1c17.7 0 32 14.3 32 32v80 32c0 17.7 14.3 32 32 32s32-14.3 32-32V256c0-106-86-192-192-192zm64 192a64 64 0 1 0 -128 0 64 64 0 1 0 128 0z\"\/><\/svg><\/div><\/span><\/div>\n<\/div><\/div><\/div>\n\n\n\n<div class=\"wp-block-stackable-column stk-block-column stk-column stk-block stk-98b0670\" data-v=\"4\" data-block-id=\"98b0670\"><style>.stk-98b0670-container{margin-top:0px !important;margin-right:0px !important;margin-bottom:0px !important;margin-left:0px !important;}@media screen and (min-width:690px){.stk-98b0670 {flex:var(--stk-flex-grow, 1) 1 calc(77% - var(--stk-column-gap, 0px) * 1 \/ 2 ) !important;}}@media screen and (min-width:690px) and (max-width:999px){.stk-98b0670 {flex:var(--stk-flex-grow, 1) 1 calc(82% - var(--stk-column-gap, 0px) * 1 \/ 2 ) !important;}}<\/style><div class=\"stk-column-wrapper stk-block-column__content stk-container stk-98b0670-container stk--no-background stk--no-padding\"><div class=\"stk-block-content stk-inner-blocks stk-98b0670-inner-blocks\">\n<div class=\"wp-block-stackable-heading stk-block-heading stk-block-heading--v2 stk-block stk-6a38614\" id=\"e-mail\" data-block-id=\"6a38614\"><style>.stk-6a38614 {margin-bottom:15px !important;}.stk-6a38614 .stk-block-heading__text{color:var(--theme-palette-color-5, #F2EFE7) !important;}<\/style><h4 class=\"stk-block-heading__text has-text-color\">E MA\u0130L :<\/h4><\/div>\n\n\n\n<div class=\"wp-block-stackable-text stk-block-text stk-block stk-458d6a5\" data-block-id=\"458d6a5\"><style>.stk-458d6a5 .stk-block-text__text{font-size:21px !important;color:var(--theme-palette-color-5, #F2EFE7) !important;}@media screen and (max-width:999px){.stk-458d6a5 .stk-block-text__text{font-size:21px !important;}}<\/style><p class=\"stk-block-text__text has-text-color\">info@sanliurfalastikci.com.tr<\/p><\/div>\n<\/div><\/div><\/div>\n<\/div><\/div>\n\n\n\n<div class=\"wp-block-stackable-columns stk-block-columns stk-block stk-5a35c31\" data-block-id=\"5a35c31\"><style>.stk-5a35c31 {margin-bottom:60px !important;}@media screen and (max-width:689px){.stk-5a35c31-column{row-gap:10px !important;}}<\/style><div class=\"stk-row stk-inner-blocks stk-block-content stk-content-align stk-5a35c31-column\">\n<div class=\"wp-block-stackable-column stk-block-column stk-column stk-block stk-9256e23\" data-v=\"4\" data-block-id=\"9256e23\"><style>.stk-9256e23-container{margin-top:0px !important;margin-right:0px !important;margin-bottom:0px !important;margin-left:0px !important;}@media screen and (min-width:690px){.stk-9256e23 {flex:var(--stk-flex-grow, 1) 1 calc(23% - var(--stk-column-gap, 0px) * 1 \/ 2 ) !important;}}@media screen and (min-width:690px) and (max-width:999px){.stk-9256e23 {flex:var(--stk-flex-grow, 1) 1 calc(18% - var(--stk-column-gap, 0px) * 1 \/ 2 ) !important;}}<\/style><div class=\"stk-column-wrapper stk-block-column__content stk-container stk-9256e23-container stk--no-background stk--no-padding\"><div class=\"stk-block-content stk-inner-blocks stk-9256e23-inner-blocks\">\n<div class=\"wp-block-stackable-icon stk-block-icon stk-block stk-200f75e\" data-block-id=\"200f75e\"><style>.stk-200f75e .stk--svg-wrapper .stk--inner-svg svg:last-child{height:60px !important;width:60px !important;}@media screen and (max-width:689px){.stk-200f75e .stk--svg-wrapper .stk--inner-svg svg:last-child{height:40px !important;width:40px !important;}}<\/style><span class=\"stk--svg-wrapper\"><div class=\"stk--inner-svg\"><svg style=\"height:0;width:0\"><defs><linearGradient id=\"linear-gradient-200f75e\" x1=\"0\" x2=\"100%\" y1=\"0\" y2=\"0\"><stop offset=\"0%\" style=\"stop-opacity:1;stop-color:var(--linear-gradient-200-f-75-e-color-1)\"><\/stop><stop offset=\"100%\" style=\"stop-opacity:1;stop-color:var(--linear-gradient-200-f-75-e-color-2)\"><\/stop><\/linearGradient><\/defs><\/svg><svg xmlns=\"http:\/\/www.w3.org\/2000\/svg\" viewBox=\"0 0 576 512\" aria-hidden=\"true\" width=\"32\" height=\"32\"><path d=\"M408 120c0 54.6-73.1 151.9-105.2 192c-7.7 9.6-22 9.6-29.6 0C241.1 271.9 168 174.6 168 120C168 53.7 221.7 0 288 0s120 53.7 120 120zm8 80.4c3.5-6.9 6.7-13.8 9.6-20.6c.5-1.2 1-2.5 1.5-3.7l116-46.4C558.9 123.4 576 135 576 152V422.8c0 9.8-6 18.6-15.1 22.3L416 503V200.4zM137.6 138.3c2.4 14.1 7.2 28.3 12.8 41.5c2.9 6.8 6.1 13.7 9.6 20.6V451.8L32.9 502.7C17.1 509 0 497.4 0 480.4V209.6c0-9.8 6-18.6 15.1-22.3l122.6-49zM327.8 332c13.9-17.4 35.7-45.7 56.2-77V504.3L192 449.4V255c20.5 31.3 42.3 59.6 56.2 77c20.5 25.6 59.1 25.6 79.6 0zM288 152a40 40 0 1 0 0-80 40 40 0 1 0 0 80z\"\/><\/svg><\/div><\/span><\/div>\n<\/div><\/div><\/div>\n\n\n\n<div class=\"wp-block-stackable-column stk-block-column stk-column stk-block stk-05889fb\" data-v=\"4\" data-block-id=\"05889fb\"><style>.stk-05889fb-container{margin-top:0px !important;margin-right:0px !important;margin-bottom:0px !important;margin-left:0px !important;}@media screen and (min-width:690px){.stk-05889fb {flex:var(--stk-flex-grow, 1) 1 calc(77% - var(--stk-column-gap, 0px) * 1 \/ 2 ) !important;}}@media screen and (min-width:690px) and (max-width:999px){.stk-05889fb {flex:var(--stk-flex-grow, 1) 1 calc(82% - var(--stk-column-gap, 0px) * 1 \/ 2 ) !important;}}<\/style><div class=\"stk-column-wrapper stk-block-column__content stk-container stk-05889fb-container stk--no-background stk--no-padding\"><div class=\"stk-block-content stk-inner-blocks stk-05889fb-inner-blocks\">\n<div class=\"wp-block-stackable-heading stk-block-heading stk-block-heading--v2 stk-block stk-6aa168f\" id=\"adres\" data-block-id=\"6aa168f\"><style>.stk-6aa168f {margin-bottom:15px !important;}.stk-6aa168f .stk-block-heading__text{color:var(--theme-palette-color-5, #F2EFE7) !important;}<\/style><h4 class=\"stk-block-heading__text has-text-color\">ADRES:<\/h4><\/div>\n\n\n\n<div class=\"wp-block-stackable-text stk-block-text stk-block stk-e6b2534\" data-block-id=\"e6b2534\"><style>.stk-e6b2534 .stk-block-text__text{font-size:22px !important;color:var(--theme-palette-color-5, #F2EFE7) !important;}@media screen and (max-width:999px){.stk-e6b2534 .stk-block-text__text{font-size:22px !important;}}<\/style><p class=\"stk-block-text__text has-text-color\">Eyy\u00fcp Nebi, Ak\u00e7akale Cd., 63200 Eyy\u00fcbiye \/ \u015eanl\u0131urfa<\/p><\/div>\n<\/div><\/div><\/div>\n<\/div><\/div>\n<\/div><\/div><\/div>\n<\/div><\/div>\n\n\n\n<div class=\"wp-block-stackable-spacer stk-block-spacer stk--no-padding stk-block stk-76a99bd\" data-block-id=\"76a99bd\"><style>.stk-76a99bd {height:21px !important;}@media screen and (max-width:999px){.stk-76a99bd {height:80px !important;}}@media screen and (max-width:689px){.stk-76a99bd {height:60px !important;}}<\/style><\/div>\n\n\n\n<div class=\"wp-block-stackable-columns stk-block-columns stk-block stk-c0e833e\" data-block-id=\"c0e833e\"><style>.stk-c0e833e {margin-bottom:0px !important;}<\/style><div class=\"stk-row stk-inner-blocks stk-block-content stk-content-align stk-c0e833e-column\">\n<div class=\"wp-block-stackable-column stk-block-column stk-column stk-block stk-acf4dee\" data-v=\"4\" data-block-id=\"acf4dee\"><style>.stk-acf4dee-container{margin-top:0px !important;margin-right:0px !important;margin-bottom:0px !important;margin-left:0px !important;}<\/style><div class=\"stk-column-wrapper stk-block-column__content stk-container stk-acf4dee-container stk--no-background stk--no-padding\"><div class=\"stk-block-content stk-inner-blocks stk-acf4dee-inner-blocks\">\n<div class=\"wp-block-stackable-map stk-block-map stk-block stk-907d4a9\" data-block-id=\"907d4a9\"><style>.stk-907d4a9 .stk-block-map__canvas, .stk-907d4a9 iframe{height:400px !important;}<\/style><iframe\n\t\t\t\t\t\ttitle=\"Embedded content from Google Maps Platform.\"\n\t\t\t\t\t\tsrc=\"https:\/\/maps.google.com\/maps?q=\u015eANLIURFA&#038;t=&#038;z=17&#038;ie=UTF8&#038;output=embed\"\n\t\t\t\t\t\tstyle=\"border:0;width:100%;max-width:none;max-height:none;height:100%;\"\n\t\t\t\t\t\taria-hidden=\"false\"\n\t\t\t\t\t\ttabIndex=\"0\"\n\t\t\t\t\t\tallowfullscreen\n\t\t\t\t\t\tloading=\"lazy\"\n\t\t\t\t\t\tframeBorder=\"0\"\n\t\t\t\t\t><\/iframe><\/div>\n<\/div><\/div><\/div>\n<\/div><\/div>\n\n\n\n<div class=\"wp-block-stackable-spacer stk-block-spacer stk--no-padding stk-block stk-84e1726\" data-block-id=\"84e1726\"><style>.stk-84e1726 {height:50px !important;}@media screen and (max-width:999px){.stk-84e1726 {height:80px !important;}}@media screen and (max-width:689px){.stk-84e1726 {height:60px !important;}}<\/style><\/div>\n","protected":false},"excerpt":{"rendered":"<p>B\u0130ZE ULA\u015eIN TELEFON: 0544 644 77 67 E MA\u0130L : info@sanliurfalastikci.com.tr ADRES: Eyy\u00fcp Nebi, Ak\u00e7akale Cd., 63200 Eyy\u00fcbiye \/ \u015eanl\u0131urfa<\/p>\n","protected":false},"author":1,"featured_media":0,"parent":0,"menu_order":0,"comment_status":"closed","ping_status":"closed","template":"","meta":{"footnotes":""},"class_list":["post-18","page","type-page","status-publish","hentry"],"blocksy_meta":{"styles_descriptor":{"styles":{"desktop":"","tablet":"","mobile":""},"google_fonts":[],"version":6},"page_title_panel":"","has_hero_section":"disabled","3913fadc390ee6527e51861e182776ad":"","hero_section":"type-1","hero_elements":[{"id":"custom_title","enabled":true,"heading_tag":"h1","title":"Home"},{"id":"custom_description","enabled":true,"description_visibility":{"desktop":true,"tablet":true,"mobile":false}},{"id":"custom_meta","enabled":false,"meta_elements":[{"id":"author","enabled":true,"label":"By","has_author_avatar":"yes","avatar_size":25},{"id":"post_date","enabled":true,"label":"On","date_format_source":"default","date_format":"M j, Y"},{"id":"updated_date","enabled":false,"label":"On","date_format_source":"default","date_format":"M j, Y"},{"id":"categories","enabled":false,"label":"In","style":"simple"},{"id":"comments","enabled":true}],"page_meta_elements":{"joined":true,"articles_count":true,"comments":true}},{"id":"breadcrumbs","enabled":false}],"bac5ab5c3c8d64ee0f2308a6036602e3":"","hero_alignment1":"CT_CSS_SKIP_RULE","hero_margin":40,"hero_alignment2":"center","hero_vertical_alignment":"center","def6753f204b9bd97429ef6a56c910da":"","hero_structure":"narrow","1efdb5e36ff451dcd4a642727b0d8951":"","page_title_bg_type":"featured_image","custom_hero_background":{"attachment_id":null},"page_title_image_size":"full","parallax":{"desktop":false,"tablet":false,"mobile":false},"1eb0fc544eef435802b8f9e8ae11b5a5":"","hero_height":"250px","pageTitleFont":{"family":"Default","variation":"Default","size":"30px","line-height":"CT_CSS_SKIP_RULE","letter-spacing":"CT_CSS_SKIP_RULE","text-transform":"CT_CSS_SKIP_RULE","text-decoration":"CT_CSS_SKIP_RULE"},"pageTitleFontColor":{"default":{"color":"CT_CSS_SKIP_RULEDEFAULT"}},"pageMetaFont":{"family":"Default","variation":"n6","size":"12px","line-height":"1.3","letter-spacing":"CT_CSS_SKIP_RULE","text-transform":"uppercase","text-decoration":"CT_CSS_SKIP_RULE"},"pageMetaFontColor":{"default":{"color":"CT_CSS_SKIP_RULEDEFAULT"},"hover":{"color":"CT_CSS_SKIP_RULEDEFAULT"}},"page_meta_button_type_font_colors":{"default":{"color":"CT_CSS_SKIP_RULEDEFAULT"},"hover":{"color":"CT_CSS_SKIP_RULEDEFAULT"}},"page_meta_button_type_background_colors":{"default":{"color":"CT_CSS_SKIP_RULEDEFAULT"},"hover":{"color":"CT_CSS_SKIP_RULEDEFAULT"}},"pageExcerptFont":{"family":"Default","variation":"Default","size":"CT_CSS_SKIP_RULE","line-height":"CT_CSS_SKIP_RULE","letter-spacing":"CT_CSS_SKIP_RULE","text-transform":"CT_CSS_SKIP_RULE","text-decoration":"CT_CSS_SKIP_RULE"},"pageExcerptColor":{"default":{"color":"CT_CSS_SKIP_RULEDEFAULT"}},"breadcrumbsFont":{"family":"Default","variation":"Default","size":"CT_CSS_SKIP_RULE","line-height":"CT_CSS_SKIP_RULE","letter-spacing":"CT_CSS_SKIP_RULE","text-transform":"CT_CSS_SKIP_RULE","text-decoration":"CT_CSS_SKIP_RULE"},"breadcrumbsFontColor":{"default":{"color":"CT_CSS_SKIP_RULEDEFAULT"},"initial":{"color":"CT_CSS_SKIP_RULEDEFAULT"},"hover":{"color":"CT_CSS_SKIP_RULEDEFAULT"}},"pageTitleOverlay":{"background_type":"color","background_pattern":"type-1","background_image":{"attachment_id":null,"x":0,"y":0},"gradient":"linear-gradient(135deg,rgba(6,147,227,1) 0%,rgb(155,81,224) 100%)","background_repeat":"repeat","background_size":"auto","background_attachment":"scroll","patternColor":{"default":{"color":"#e5e7ea"}},"overlayColor":{"default":{"color":"CT_CSS_SKIP_RULE"}},"backgroundColor":{"default":{"color":"CT_CSS_SKIP_RULE"}}},"pageTitleBackground":{"background_type":"color","background_pattern":"type-1","background_image":{"attachment_id":null,"x":0,"y":0},"gradient":"linear-gradient(135deg,rgba(6,147,227,1) 0%,rgb(155,81,224) 100%)","background_repeat":"repeat","background_size":"auto","background_attachment":"scroll","patternColor":{"default":{"color":"#e5e7ea"}},"overlayColor":{"default":{"color":"CT_CSS_SKIP_RULE"}},"backgroundColor":{"default":{"color":"var(--theme-palette-color-6)"}}},"pageTitlePadding":{"top":"50px","bottom":"50px","left":"auto","right":"auto","linked":true},"ea3dd7bb5be8ff91a99a30bf94b8d637":"","page_structure_type":"default","f977c782dce10134c5067b0832d01f72":"","content_style_source":"inherit","content_style":"wide","vertical_spacing_source":"custom","content_area_spacing":"none","background":{"background_type":"color","background_pattern":"type-1","background_image":{"attachment_id":null,"x":0,"y":0},"gradient":"linear-gradient(135deg,rgba(6,147,227,1) 0%,rgb(155,81,224) 100%)","background_repeat":"repeat","background_size":"auto","background_attachment":"scroll","patternColor":{"default":{"color":"#e5e7ea"}},"overlayColor":{"default":{"color":"CT_CSS_SKIP_RULE"}},"backgroundColor":{"default":{"color":"CT_CSS_SKIP_RULE"}}},"content_background":{"background_type":"color","background_pattern":"type-1","background_image":{"attachment_id":null,"x":0,"y":0},"gradient":"linear-gradient(135deg,rgba(6,147,227,1) 0%,rgb(155,81,224) 100%)","background_repeat":"repeat","background_size":"auto","background_attachment":"scroll","patternColor":{"default":{"color":"#e5e7ea"}},"overlayColor":{"default":{"color":"CT_CSS_SKIP_RULE"}},"backgroundColor":{"default":{"color":"var(--theme-palette-color-8)"}}},"content_boxed_shadow":{"inherit":false,"blur":18,"spread":-6,"v_offset":12,"h_offset":0,"inset":false,"enable":true,"color":{"color":"rgba(34, 56, 101, 0.04)"}},"content_boxed_border":{"width":1,"style":"none","color":{"color":"rgba(44,62,80,0.2)"}},"content_boxed_radius":{"top":"3px","bottom":"3px","left":"3px","right":"3px","linked":true},"boxed_content_spacing":{"desktop":{"top":"40px","bottom":"40px","left":"40px","right":"40px","linked":true},"tablet":{"top":"35px","bottom":"35px","left":"35px","right":"35px","linked":true},"mobile":{"top":"20px","bottom":"20px","left":"20px","right":"20px","linked":true}},"9180b38ce7b21e3403085c3bdcb33ae5":"","disable_featured_image":"no","disable_share_box":"no","disable_header":"no","disable_footer":"no"},"_links":{"self":[{"href":"https:\/\/sanliurfalastikci.com.tr\/index.php\/wp-json\/wp\/v2\/pages\/18","targetHints":{"allow":["GET"]}}],"collection":[{"href":"https:\/\/sanliurfalastikci.com.tr\/index.php\/wp-json\/wp\/v2\/pages"}],"about":[{"href":"https:\/\/sanliurfalastikci.com.tr\/index.php\/wp-json\/wp\/v2\/types\/page"}],"author":[{"embeddable":true,"href":"https:\/\/sanliurfalastikci.com.tr\/index.php\/wp-json\/wp\/v2\/users\/1"}],"replies":[{"embeddable":true,"href":"https:\/\/sanliurfalastikci.com.tr\/index.php\/wp-json\/wp\/v2\/comments?post=18"}],"version-history":[{"count":7,"href":"https:\/\/sanliurfalastikci.com.tr\/index.php\/wp-json\/wp\/v2\/pages\/18\/revisions"}],"predecessor-version":[{"id":495,"href":"https:\/\/sanliurfalastikci.com.tr\/index.php\/wp-json\/wp\/v2\/pages\/18\/revisions\/495"}],"wp:attachment":[{"href":"https:\/\/sanliurfalastikci.com.tr\/index.php\/wp-json\/wp\/v2\/media?parent=18"}],"curies":[{"name":"wp","href":"https:\/\/api.w.org\/{rel}","templated":true}]}}